 4*f. Suppose 0*m = -3*m - i - 1, 5*m - 17 = 3*i. Calculate the highest common divisor of m and w.
1
Let n(t) = 4*t - 26. Let p be n(11). Suppose 93 = 4*y - 7*c + 4*c, -4*y = -4*c - 88. What is the greatest common factor of p and y?
9
Let l be -1 - -38 - (-2 - -3). Let v(x) = -x**3 + 22*x**2 - 30*x + 196. Let z be v(20). What is the greatest common divisor of z and l?
36
Let w(a) = 24*a. Let y be w(1). Let r(h) = 2*h. Let x be 4/(3/12*2). Let s be r(x). Calculate the greatest common divisor of y and s.
8
Suppose 4*j - 3*j + 40 = l, -2*l + 3*j + 85 = 0. What is the greatest common factor of l and 14?
7
Let r = 159 + -15. What is the greatest common factor of 16 and r?
16
Let u = 45 + -31. Calculate the highest common divisor of 154 and u.
14
Suppose -8*d = -3*d. Suppose 4*w = 20, 3*w = -d*r + 3*r - 36. Calculate the greatest common factor of r and 34.
17
Let y(d) = 236*d. Let l be y(2). Let t = 247 - l. Let u = -141 - t. Calculate the highest common divisor of 12 and u.
12
Let y be 2/4*2 - 0. Suppose y = 3*p - 4*z - 8, -2*z - 4 = -2*p. Let w be (4 - 3)/(p/(-110)). Calculate the greatest common factor of w and 10.
10
Suppose -2*n = -5*n. Suppose n = -2*x - 2*x - 3*h + 41, -x + 29 = -3*h. Calculate the greatest common factor of x and 140.
14
Suppose -4*h = -2*v + 10, -5*h - 4 = -2*v + 10. Let n = 5 + v. Suppose t - n*t + 72 = 0. What is the highest common factor of t and 8?
8
Let l = -62 + 232. Let x = l - -5. What is the highest common divisor of x and 25?
25
Let p(v) = 3*v + 6. Let o be p(6). Suppose -12 = -4*m + 4, 22 = 5*t - 2*m. Calculate the greatest common divisor of t and o.
6
Suppose -4*c = 27 - 87. Let h = -3 + 12. Let d = -6 + h. Calculate the highest common divisor of c and d.
3
Suppose 0 = k - 3, 0 = 4*t + 5*k + 16 - 91. What is the greatest common divisor of 30 and t?
15
Suppose -2*b - 5 = 3. Let r(m) = -4*m**2 + 0 - m**3 + 5 + 0. Let c be r(b). What is the greatest common divisor of c and 2?
1
Suppose 4*y = -5*a + 84, 5*y + 0*a - 105 = -5*a. Let h be 3/((3*-1)/(-3)). What is the greatest common divisor of h and y?
3
Let b(j) = j**2 + j + 7. Let n be b(0). Let u = n - 5. Suppose 4*s - 2 = l - 0, u*l - 2*s - 8 = 0. What is the greatest common factor of l and 3?
3
Let o = 36 + -34. What is the highest common divisor of 22 and o?
2
Let k = -84 + 154. Suppose b = 5*z + 32, 4*b = 4*z + 50 - 2. Suppose 0 = -2*y - f + 57, -b*y + 144 = -2*y + 4*f. Calculate the highest common factor of k and y.
14
Let j(k) = k + 22. Let h be j(-13). Let a(z) = -z + 21. Let f be a(h). Calculate the greatest common divisor of 8 and f.
4
Let n = 12 - 17. Let b = 1 - n. Suppose -b*g + 60 = -2*g. Calculate the highest common factor of g and 5.
5
Let i(c) = c**2 - 9*c - 2. Let j be i(8). Let h(l) = -l**2 - 19*l + 9. Let y be h(j). What is the greatest common divisor of y and 9?
9
Let l(y) = -y**3 + 17*y**2 - 7*y - 9. Let u be l(16). What is the greatest common factor of u and 15?
15
Suppose -3*a - 2 = -8. Let b(w) = w**3 - 2*w**2 - w. Let y be b(3). Let q = y + a. Calculate the highest common divisor of q and 2.
2
Suppose 20*z + 20 = 22*z. Let o(q) = 4*q. Let c be o(5). What is the greatest common divisor of c and z?
10
Let h be 2*(3 + -1 + 2). Calculate the highest common factor of h and 24.
8
Let c be (81 + -3)*5/10. Suppose -2*r + c = r. What is the greatest common factor of 91 and r?
13
Suppose -3*r = 4*o - 3, 0 = 9*r - 4*r - 2*o - 5. Calculate the greatest common divisor of 4 and r.
1
Suppose 0 = 4*u - 0*u - w - 25, -20 = -2*u - 2*w. Let g = -7 - -10. Suppose -3*q + g = -0. Calculate the greatest common divisor of q and u.
1
Let b be (5/(-2))/5*-6. Suppose 10 = b*s - s. What is the highest common factor of s and 5?
5
Let y = 7 + -12. Let n be (y + 0)*(-8)/10. Suppose 55 = n*f + 3*b, f - b - 67 = -3*f. Calculate the highest common divisor of f and 2.
2
Let s be ((-2)/10)/(2/(-10)). Suppose -x + 3*z = -10, 0 = 2*x - 2*z - s - 11. What is the highest common factor of 4 and x?
4
Let q(o) = o**3 - 13*o**2 + 15*o - 17. Let m be q(12). What is the highest common factor of m and 76?
19
Let q = -45 + 121. Let f(z) = 2*z + 7. Let d be f(6). Calculate the greatest common factor of d and q.
19
Let d be ((-27)/2)/((-12)/96). What is the highest common divisor of d and 12?
12
Let v = 7 - 6. Suppose 2*r + v + 21 = 0. Let g = -3 - r. Calculate the highest common factor of g and 2.
2
Let k = 9 + -5. Let a(d) = -3*d - 1. Let n be a(-1). Suppose 0 = l - n*w, 5*w - 6 = 2*l - 2. What is the highest common factor of l and k?
4
Let y be (-380)/(-14) + ((-10)/35)/2. Calculate the highest common divisor of y and 81.
27
Suppose -v = -2*v. Suppose -4 = -2*n - v*n. Let p(i) = -i**3 + 4*i**2 + 4*i + 4. Let y be p(4). What is the highest common factor of n and y?
2
Let u(s) = -s**3 - 6*s**2 - 7*s + 2. Let v be u(-5). What is the highest common divisor of 12 and v?
12
Suppose -3*g + 89 = 4*t, 5*t + 4*g = 146 - 34. Calculate the greatest common factor of t and 50.
10
Let x(g) = 2*g**2 - g. Let j be x(-1). Suppose -l + 136 = 4*d + j*l, 4*l - 31 = -d. Calculate the greatest common divisor of d and 14.
7
Let z(s) be the first derivative of -3*s**2/2 + 3*s - 3. Let q be z(-8). What is the highest common divisor of 3 and q?
3
Suppose -4*y + g - 2 = -10, 0 = 5*y + 5*g - 10. Suppose -35 = -y*c - 1. What is the highest common factor of c and 136?
17
Let m be (-1)/(-5) - 64/20. Let z be 2 - (-4)/12*m. Let f be 2/6 - (-4)/6. What is the highest common divisor of z and f?
1
Let t = 7 + 8. Calculate the greatest common factor of t and 6.
3
Suppose 12*l = -0*l + 216. Let t be (2 - 1) + 0/1. Let i be (-1 - -8)/t + -1. Calculate the greatest common factor of l and i.
6
Let v be 14/35 + (-183)/(-5). Suppose 0 = -l + 35 + v. Suppose 4*p - 36 = 5*o, -p = 2*o - 7*o - 9. Calculate the highest common factor of l and p.
9
Let o(z) = -6*z - 2. Let d be o(-3). What is the highest common divisor of d and 8?
8
Let s be ((-8)/10)/((-2)/5). Suppose -s = -2*m + 110. Calculate the greatest common divisor of m and 7.
7
Suppose 0*k - 3 = k, -k = -2*s + 23. What is the highest common factor of s and 40?
10
Let b(g) be the second derivative of g**4/4 - 3*g**2/2 + 4*g. Let q be b(3). Calculate the greatest common divisor of q and 12.
12
Let q(b) = 7*b - 14. Let h be q(4). Let p(w) = w**3 - 6*w**2 + 5*w + 7. Let s be p(5). Let t be (1 - -7)/2*s. Calculate the greatest common factor of h and t.
14
Let o = -28 - -34. Calculate the greatest common factor of o and 66.
6
Suppose -t - 4*x = -164, -5*t + 5*x = -4*t - 155. Suppose t = d + d. Suppose 0 = -5*q + d + 60. Calculate the greatest common divisor of q and 7.
7
Suppose 2*l + 3*i = i + 682, 1363 = 4*l + 5*i. Calculate the highest common divisor of l and 18.
18
Let t be (74/(-2))/((-1)/(-3)). Let n = t + 209. Calculate the greatest common divisor of n and 14.
14
Let g(i) = -i**2 + 12*i + 6. Let q be g(6). What is the highest common divisor of q and 28?
14
Let q(d) = 8*d**2 + 7*d - 13. Let o be q(2). Calculate the highest common divisor of 9 and o.
3
Suppose 3 + 6 = 3*n. Let x be (-2 + (-6)/(-9))*n. Let y = -3 - x. What is the highest common factor of 9 and y?
1
Let q = 8 + 19. What is the highest common factor of 9 and q?
9
Let j(q) = -4*q - 4. Suppose 5*v + 21 = 6. Let k be j(v). Calculate the highest common factor of 40 and k.
8
Let a = 99 - 87. Calculate the highest common factor of a and 6.
6
Suppose 6*x - 5*x - 48 = 0. What is the highest common divisor of x and 32?
16
Let p be 54/12*(-1 + 3). What is the greatest common divisor of p and 9?
9
Suppose 0 = -q + f + 4, -3*q = 2*f + 7 + 6. Let j be 0 - ((-3)/1 - -2). Let c be 1 + (-5 + j)/q. Calculate the highest common divisor of 25 and c.
5
Suppose -16 = 2*t - 32. Calculate the greatest common divisor of 8 and t.
8
Suppose 2*a - 122 = 2*k + k, 2*k + 4*a = -76. Let l = k + 128. Calculate the highest common factor of l and 11.
11
Let u = -43 - -83. Let l be (9/6)/(1/(-2)). Let b be (-1)/l + (-47)/(-3). What is the highest common factor of u and b?
8
Let c(p) = -p**3 + p**2 - p + 16. Let u be c(0). Let s = 69 + -120. Let v = s + 99. Calculate the highest common divisor of u and v.
16
Suppose -2*o + 8 = -14. Let m = o + -6. Suppose 5*v - 7 = -0*c + c, 4*c + 13 = 5*v. Calculate the highest common factor of m and v.
1
Let u(